{"id":1721,"date":"2025-10-09T00:23:38","date_gmt":"2025-10-09T00:23:38","guid":{"rendered":"https:\/\/www.eecom.org\/index.php\/volunteer-copy\/"},"modified":"2025-10-09T01:30:01","modified_gmt":"2025-10-09T01:30:01","slug":"etre-benevole","status":"publish","type":"page","link":"https:\/\/www.eecom.org\/index.php\/etre-benevole\/","title":{"rendered":"\u00catre b\u00e9n\u00e9vole"},"content":{"rendered":"\t\t<div data-elementor-type=\"wp-post\" data-elementor-id=\"1721\" class=\"elementor elementor-1721\">\n\t\t\t\t\t\t<section class=\"elementor-section elementor-top-section elementor-element elementor-element-1dd358ff elementor-section-height-min-height elementor-section-items-bottom elementor-section-content-bottom elementor-reverse-mobile header-bg elementor-section-boxed elementor-section-height-default\" data-id=\"1dd358ff\" data-element_type=\"section\" data-settings=\"{&quot;background_background&quot;:&quot;classic&quot;}\">\n\t\t\t\t\t\t\t<div class=\"elementor-background-overlay\"><\/div>\n\t\t\t\t\t\t\t<div class=\"elementor-container elementor-column-gap-default\">\n\t\t\t\t\t<div class=\"aux-parallax-section elementor-column elementor-col-100 elementor-top-column elementor-element elementor-element-55e4a810\" data-id=\"55e4a810\" data-element_type=\"column\">\n\t\t\t<div class=\"elementor-widget-wrap elementor-element-populated\">\n\t\t\t\t\t\t<div class=\"elementor-element elementor-element-4bce42b7 aux-appear-watch-animation aux-slide-from-bot elementor-widget elementor-widget-aux_modern_heading\" data-id=\"4bce42b7\" data-element_type=\"widget\" data-widget_type=\"aux_modern_heading.default\">\n\t\t\t\t<div class=\"elementor-widget-container\">\n\t\t\t<section class=\"aux-widget-modern-heading\">\n            <div class=\"aux-widget-inner\"><h2 class=\"aux-modern-heading-primary\">\u00catre b\u00e9n\u00e9vole<\/h2><\/div>\n        <\/section>\t\t<\/div>\n\t\t\t\t<\/div>\n\t\t\t\t\t<\/div>\n\t\t<\/div>\n\t\t\t\t\t<\/div>\n\t\t<\/section>\n\t\t\t\t<section class=\"elementor-section elementor-top-section elementor-element elementor-element-4d6ee03 elementor-reverse-tablet elementor-reverse-mobile elementor-section-boxed elementor-section-height-default elementor-section-height-default\" data-id=\"4d6ee03\" data-element_type=\"section\">\n\t\t\t\t\t\t<div class=\"elementor-container elementor-column-gap-default\">\n\t\t\t\t\t<div class=\"aux-parallax-section elementor-column elementor-col-50 elementor-top-column elementor-element elementor-element-c0b9361\" data-id=\"c0b9361\" data-element_type=\"column\">\n\t\t\t<div class=\"elementor-widget-wrap elementor-element-populated\">\n\t\t\t\t\t\t<div class=\"aux-scroll-anim elementor-element elementor-element-0e459f0 elementor-widget elementor-widget-aux_image\" data-move-in=\"moveVertical\" data-move-out=\"moveVertical\" data-axis-x=\"200\" data-axis-y=\"10\" data-rotate=\"90\" data-scale=\"1\" data-vp-top=\"0.5\" data-vp-bot=\"0.5\" data-el-top=\"0.2\" data-scroll-animation-off=\"1024\" data-id=\"0e459f0\" data-element_type=\"widget\" data-widget_type=\"aux_image.default\">\n\t\t\t\t<div class=\"elementor-widget-container\">\n\t\t\t<section class=\"widget-container aux-widget-image aux-alignnone aux-parent-auee7d4883\">\n    <div class=\"aux-media-hint-frame \">\n        <div class=\"aux-media-image \" >\n        \n            \n\n            \n            <img fetchpriority=\"high\" decoding=\"async\" width=\"800\" height=\"530\" src=\"data:image\/gif;base64,R0lGODlhAQABAIAAAAAAAP\/\/\/yH5BAEAAAAALAAAAAABAAEAAAIBRAA7\" class=\"aux-attachment aux-featured-image aux-attachment-id-915 aux-preload aux-blank\" alt=\"volun-1\" data-ratio=\"1.51\" data-original-w=\"800\" data-src=\"https:\/\/www.eecom.org\/wp-content\/uploads\/2024\/05\/volun-1.jpg\" \/>            \n                <\/div>\n    <\/div>\n\n<\/section><!-- widget-container -->\t\t<\/div>\n\t\t\t\t<\/div>\n\t\t\t\t\t<\/div>\n\t\t<\/div>\n\t\t\t\t<div class=\"aux-parallax-section elementor-column elementor-col-50 elementor-top-column elementor-element elementor-element-243e03d\" data-id=\"243e03d\" data-element_type=\"column\">\n\t\t\t<div class=\"elementor-widget-wrap elementor-element-populated\">\n\t\t\t\t\t\t<section class=\"elementor-section elementor-inner-section elementor-element elementor-element-0cbc324 elementor-section-boxed elementor-section-height-default elementor-section-height-default\" data-id=\"0cbc324\" data-element_type=\"section\">\n\t\t\t\t\t\t<div class=\"elementor-container elementor-column-gap-default\">\n\t\t\t\t\t<div class=\"aux-parallax-section elementor-column elementor-col-100 elementor-inner-column elementor-element elementor-element-aef8a30\" data-id=\"aef8a30\" data-element_type=\"column\">\n\t\t\t<div class=\"elementor-widget-wrap elementor-element-populated\">\n\t\t\t\t\t\t<div class=\"elementor-element elementor-element-1cc4bb7 aux-appear-watch-animation aux-fade-in-up elementor-widget elementor-widget-aux_modern_heading\" data-id=\"1cc4bb7\" data-element_type=\"widget\" data-widget_type=\"aux_modern_heading.default\">\n\t\t\t\t<div class=\"elementor-widget-container\">\n\t\t\t<section class=\"aux-widget-modern-heading\">\n            <div class=\"aux-widget-inner\"><h2 class=\"aux-modern-heading-primary\"><\/h2><div class=\"aux-modern-heading-description\"><p><span style=\"font-weight: 400\">L\u2019EECOM \u00e9tant une organisation g\u00e9r\u00e9e par des b\u00e9n\u00e9voles, nous sommes toujours \u00e0 la recherche de b\u00e9n\u00e9voles parmi les membres, les personnes qui nous soutiennent et les membres de la communaut\u00e9. Il y a plusieurs fa\u00e7ons de s'impliquer en fonction de votre disponibilit\u00e9, de votre temps et de vos int\u00e9r\u00eats. Certaines opportunit\u00e9s de b\u00e9n\u00e9volat sont sp\u00e9cifiques \u00e0 un \u00e9v\u00e9nement, tandis que d'autres peuvent s'\u00e9taler sur toute l'ann\u00e9e.\u00a0<\/span><\/p><p><span style=\"font-weight: 400\">Il peut s'agir notamment de :<\/span><\/p><ul><li style=\"font-weight: 400\"><span style=\"font-weight: 400\">Conf\u00e9rences et \u00e9v\u00e9nements<\/span><\/li><li style=\"font-weight: 400\"><span style=\"font-weight: 400\">Juges pour le comit\u00e9 des Prix d\u2019Excellence<\/span><\/li><li style=\"font-weight: 400\"><span style=\"font-weight: 400\">D\u00e9veloppement de contenu pour notre liste de diffusion<\/span><\/li><li style=\"font-weight: 400\"><span style=\"font-weight: 400\">Soutien administratif<\/span><\/li><\/ul><\/div><\/div>\n        <\/section>\t\t<\/div>\n\t\t\t\t<\/div>\n\t\t\t\t\t<\/div>\n\t\t<\/div>\n\t\t\t\t\t<\/div>\n\t\t<\/section>\n\t\t\t\t\t<\/div>\n\t\t<\/div>\n\t\t\t\t\t<\/div>\n\t\t<\/section>\n\t\t\t\t<section class=\"elementor-section elementor-top-section elementor-element elementor-element-5ab95314 elementor-hidden-desktop elementor-hidden-tablet elementor-hidden-mobile elementor-section-boxed elementor-section-height-default elementor-section-height-default\" data-id=\"5ab95314\" data-element_type=\"section\" data-settings=\"{&quot;background_background&quot;:&quot;classic&quot;}\">\n\t\t\t\t\t\t<div class=\"elementor-container elementor-column-gap-no\">\n\t\t\t\t\t<div class=\"aux-parallax-section elementor-column elementor-col-100 elementor-top-column elementor-element elementor-element-5cb4aad7\" data-id=\"5cb4aad7\" data-element_type=\"column\">\n\t\t\t<div class=\"elementor-widget-wrap elementor-element-populated\">\n\t\t\t\t\t\t<div class=\"elementor-element elementor-element-11b172a6 aux-appear-watch-animation aux-scale-up elementor-widget elementor-widget-aux_modern_heading\" data-id=\"11b172a6\" data-element_type=\"widget\" data-widget_type=\"aux_modern_heading.default\">\n\t\t\t\t<div class=\"elementor-widget-container\">\n\t\t\t<section class=\"aux-widget-modern-heading\">\n            <div class=\"aux-widget-inner\"><p class=\"aux-modern-heading-primary\"><\/p><h4 class=\"aux-modern-heading-secondary\"><span class=\"aux-head-before\">What we are looking for<\/span><\/h4><div class=\"aux-modern-heading-description\"><p>Some volunteer positions we are looking to fill at present include:<\/p><\/div><\/div>\n        <\/section>\t\t<\/div>\n\t\t\t\t<\/div>\n\t\t\t\t<section class=\"elementor-section elementor-inner-section elementor-element elementor-element-29e884e4 elementor-section-content-middle elementor-section-boxed elementor-section-height-default elementor-section-height-default\" data-id=\"29e884e4\" data-element_type=\"section\">\n\t\t\t\t\t\t<div class=\"elementor-container elementor-column-gap-wider\">\n\t\t\t\t\t<div class=\"aux-parallax-section elementor-column elementor-col-25 elementor-inner-column elementor-element elementor-element-6a3ea959 aux-appear-watch-animation aux-fade-in-left-1\" data-id=\"6a3ea959\" data-element_type=\"column\">\n\t\t\t<div class=\"elementor-widget-wrap elementor-element-populated\">\n\t\t\t\t\t\t<div class=\"elementor-element elementor-element-4752db21 elementor-widget elementor-widget-aux_simple_svg\" data-id=\"4752db21\" data-element_type=\"widget\" data-widget_type=\"aux_simple_svg.default\">\n\t\t\t\t<div class=\"elementor-widget-container\">\n\t\t\t    <div class=\"aux-widget-container aux-simple-svg-container\">\n        <div class=\"aux-widget-container-inner\">\n            <div class=\"aux-the-svg\"><svg xmlns=\"http:\/\/www.w3.org\/2000\/svg\" width=\"75\" height=\"75\" viewBox=\"0 0 75 75\"><defs><style>.a{fill:none;fill-rule:evenodd;}.b{fill:#39455e;}.c{fill:var(--e-global-color-primary);}<\/style><\/defs><path class=\"a\" d=\"M0,0H75V75H0Z\" \/><path class=\"b\" d=\"M12.5,5A7.5,7.5,0,0,0,5,12.5v42A7.5,7.5,0,0,0,12.5,62h42A7.5,7.5,0,0,0,62,54.5v-42A7.5,7.5,0,0,0,54.5,5Zm0-3h42A10.5,10.5,0,0,1,65,12.5v42A10.5,10.5,0,0,1,54.5,65h-42A10.5,10.5,0,0,1,2,54.5v-42A10.5,10.5,0,0,1,12.5,2Z\" transform=\"translate(4 4)\" \/><path class=\"c\" d=\"M12,39V37.5a1.5,1.5,0,1,1,3,0V39H43.5a1.5,1.5,0,1,1,0,3H15v1.5a1.5,1.5,0,1,1-3,0V42H7.5a1.5,1.5,0,1,1,0-3ZM36,24V22.5a1.5,1.5,0,0,1,3,0V24h4.5a1.5,1.5,0,1,1,0,3H39v1.5a1.5,1.5,0,1,1-3,0V27H7.5a1.5,1.5,0,0,1,0-3ZM12,9V7.5a1.5,1.5,0,1,1,3,0V9H43.5a1.5,1.5,0,1,1,0,3H15v1.5a1.5,1.5,0,0,1-3,0V12H7.5a1.5,1.5,0,1,1,0-3Z\" transform=\"translate(12 12)\" \/><\/svg><\/div>\n        <\/div>\n    <\/div>\n    \t\t<\/div>\n\t\t\t\t<\/div>\n\t\t\t\t<div class=\"elementor-element elementor-element-743813c1 elementor-widget elementor-widget-aux_modern_heading\" data-id=\"743813c1\" data-element_type=\"widget\" data-widget_type=\"aux_modern_heading.default\">\n\t\t\t\t<div class=\"elementor-widget-container\">\n\t\t\t<section class=\"aux-widget-modern-heading\">\n            <div class=\"aux-widget-inner\"><h5 class=\"aux-modern-heading-primary\">Intercultural Experience<\/h5><div class=\"aux-modern-heading-description\"><p>I\u2019m also not going for what I would call an examined \u201cinstructional sentence.\u201d I\u2019d compiled hundreds of great sentences in a file of mine .<\/p><\/div><\/div>\n        <\/section>\t\t<\/div>\n\t\t\t\t<\/div>\n\t\t\t\t\t<\/div>\n\t\t<\/div>\n\t\t\t\t<div class=\"aux-parallax-section elementor-column elementor-col-25 elementor-inner-column elementor-element elementor-element-3d18ab99 aux-appear-watch-animation aux-fade-in-left-1\" data-id=\"3d18ab99\" data-element_type=\"column\">\n\t\t\t<div class=\"elementor-widget-wrap elementor-element-populated\">\n\t\t\t\t\t\t<div class=\"elementor-element elementor-element-19f1b37d elementor-widget elementor-widget-aux_simple_svg\" data-id=\"19f1b37d\" data-element_type=\"widget\" data-widget_type=\"aux_simple_svg.default\">\n\t\t\t\t<div class=\"elementor-widget-container\">\n\t\t\t    <div class=\"aux-widget-container aux-simple-svg-container\">\n        <div class=\"aux-widget-container-inner\">\n            <div class=\"aux-the-svg\"><svg xmlns=\"http:\/\/www.w3.org\/2000\/svg\" width=\"77.556\" height=\"77.556\" viewBox=\"0 0 77.556 77.556\"><defs><style>.a{fill:none;fill-rule:evenodd;}.b{fill:#39455e;}.c{fill:var(--e-global-color-primary);}<\/style><\/defs><path class=\"a\" d=\"M0,0H77.556V77.556H0Z\"><\/path><path class=\"c\" d=\"M27.613,21.1H12.1v1.551a7.756,7.756,0,0,0,15.511,0ZM19.858,33.511A10.858,10.858,0,0,1,9,22.653V18H30.716v4.653A10.858,10.858,0,0,1,19.858,33.511Z\" transform=\"translate(18.92 37.84)\"><\/path><path class=\"c\" d=\"M24.062,39.125A17.062,17.062,0,1,1,41.125,22.062,17.062,17.062,0,0,1,24.062,39.125Zm0-3.1A13.96,13.96,0,1,0,10.1,22.062,13.96,13.96,0,0,0,24.062,36.022Z\" transform=\"translate(14.716 10.511)\"><\/path><path class=\"b\" d=\"M13.858,5.1A7.756,7.756,0,0,0,6.1,12.858V43.88a7.756,7.756,0,0,0,7.756,7.756H51.085A7.756,7.756,0,0,0,58.84,43.88V12.858A7.756,7.756,0,0,0,51.085,5.1Zm0-3.1H51.085A10.858,10.858,0,0,1,61.942,12.858V43.88A10.858,10.858,0,0,1,51.085,54.738H13.858A10.858,10.858,0,0,1,3,43.88V12.858A10.858,10.858,0,0,1,13.858,2Z\" transform=\"translate(6.307 4.204)\"><\/path><path class=\"b\" d=\"M17.756,23.511a7.756,7.756,0,1,1,7.756-7.756A7.756,7.756,0,0,1,17.756,23.511Zm0-3.1A4.653,4.653,0,1,0,13.1,15.756,4.653,4.653,0,0,0,17.756,20.409Z\" transform=\"translate(21.022 16.818)\"><\/path><\/svg> <\/div>\n        <\/div>\n    <\/div>\n    \t\t<\/div>\n\t\t\t\t<\/div>\n\t\t\t\t<div class=\"elementor-element elementor-element-2d548c25 elementor-widget elementor-widget-aux_modern_heading\" data-id=\"2d548c25\" data-element_type=\"widget\" data-widget_type=\"aux_modern_heading.default\">\n\t\t\t\t<div class=\"elementor-widget-container\">\n\t\t\t<section class=\"aux-widget-modern-heading\">\n            <div class=\"aux-widget-inner\"><h5 class=\"aux-modern-heading-primary\">Brainstorming Phase<\/h5><div class=\"aux-modern-heading-description\"><p>I\u2019m also not going for what I would call an examined \u201cinstructional sentence.\u201d I\u2019d compiled hundreds of great sentences in a file of mine .<\/p><\/div><\/div>\n        <\/section>\t\t<\/div>\n\t\t\t\t<\/div>\n\t\t\t\t\t<\/div>\n\t\t<\/div>\n\t\t\t\t<div class=\"aux-parallax-section elementor-column elementor-col-25 elementor-inner-column elementor-element elementor-element-362ba5a3 aux-appear-watch-animation aux-fade-in-left-1\" data-id=\"362ba5a3\" data-element_type=\"column\">\n\t\t\t<div class=\"elementor-widget-wrap elementor-element-populated\">\n\t\t\t\t\t\t<div class=\"elementor-element elementor-element-68fe83df elementor-widget elementor-widget-aux_simple_svg\" data-id=\"68fe83df\" data-element_type=\"widget\" data-widget_type=\"aux_simple_svg.default\">\n\t\t\t\t<div class=\"elementor-widget-container\">\n\t\t\t    <div class=\"aux-widget-container aux-simple-svg-container\">\n        <div class=\"aux-widget-container-inner\">\n            <div class=\"aux-the-svg\"> <svg xmlns=\"http:\/\/www.w3.org\/2000\/svg\" width=\"75\" height=\"75\" viewBox=\"0 0 75 75\"><defs><style>.a{fill:none;fill-rule:evenodd;}.b{fill:#39455e;}.c{fill:var(--e-global-color-primary);}<\/style><\/defs><path class=\"a\" d=\"M0,0H75V75H0Z\"><\/path><path class=\"b\" d=\"M5,4.3,23,17.8v3.75L5,8.05ZM29,19.873l18-9v3.354l-18,9V19.873Z\" transform=\"translate(10 8.6)\"><\/path><path class=\"b\" d=\"M14.5,18A1.5,1.5,0,0,0,13,19.5v15A1.5,1.5,0,0,0,14.5,36h6A1.5,1.5,0,0,0,22,34.5v-15A1.5,1.5,0,0,0,20.5,18Zm0-3h6A4.5,4.5,0,0,1,25,19.5v15A4.5,4.5,0,0,1,20.5,39h-6A4.5,4.5,0,0,1,10,34.5v-15A4.5,4.5,0,0,1,14.5,15Z\" transform=\"translate(20 30)\"><\/path><path class=\"b\" d=\"M22.5,15A1.5,1.5,0,0,0,21,16.5v24A1.5,1.5,0,0,0,22.5,42h6A1.5,1.5,0,0,0,30,40.5v-24A1.5,1.5,0,0,0,28.5,15Zm0-3h6A4.5,4.5,0,0,1,33,16.5v24A4.5,4.5,0,0,1,28.5,45h-6A4.5,4.5,0,0,1,18,40.5v-24A4.5,4.5,0,0,1,22.5,12Z\" transform=\"translate(36 24)\"><\/path><path class=\"c\" d=\"M56,17a3,3,0,1,0-3-3A3,3,0,0,0,56,17ZM32,20a6,6,0,1,1-6,6A6,6,0,0,1,32,20Zm0,3a3,3,0,1,0,3,3A3,3,0,0,0,32,23ZM56,8a6,6,0,1,1-6,6A6,6,0,0,1,56,8ZM8,2A6,6,0,1,1,2,8,6,6,0,0,1,8,2ZM8,5a3,3,0,1,0,3,3A3,3,0,0,0,8,5Z\" transform=\"translate(4 4)\"><\/path><path class=\"b\" d=\"M6.5,13A1.5,1.5,0,0,0,5,14.5V44.376a1.5,1.5,0,0,0,1.5,1.5h6a1.5,1.5,0,0,0,1.5-1.5V14.5A1.5,1.5,0,0,0,12.5,13Zm0-3h6A4.5,4.5,0,0,1,17,14.5V44.376a4.5,4.5,0,0,1-4.5,4.5h-6a4.5,4.5,0,0,1-4.5-4.5V14.5A4.5,4.5,0,0,1,6.5,10Z\" transform=\"translate(4 20)\"><\/path><\/svg> <\/div>\n        <\/div>\n    <\/div>\n    \t\t<\/div>\n\t\t\t\t<\/div>\n\t\t\t\t<div class=\"elementor-element elementor-element-4a64f7fe elementor-widget elementor-widget-aux_modern_heading\" data-id=\"4a64f7fe\" data-element_type=\"widget\" data-widget_type=\"aux_modern_heading.default\">\n\t\t\t\t<div class=\"elementor-widget-container\">\n\t\t\t<section class=\"aux-widget-modern-heading\">\n            <div class=\"aux-widget-inner\"><h5 class=\"aux-modern-heading-primary\">Innovative Solutions<\/h5><div class=\"aux-modern-heading-description\"><p>I\u2019m also not going for what I would call an examined \u201cinstructional sentence.\u201d I\u2019d compiled hundreds of great sentences in a file of mine .<\/p><\/div><\/div>\n        <\/section>\t\t<\/div>\n\t\t\t\t<\/div>\n\t\t\t\t\t<\/div>\n\t\t<\/div>\n\t\t\t\t<div class=\"aux-parallax-section elementor-column elementor-col-25 elementor-inner-column elementor-element elementor-element-93aa827 aux-appear-watch-animation aux-fade-in-left-1\" data-id=\"93aa827\" data-element_type=\"column\">\n\t\t\t<div class=\"elementor-widget-wrap elementor-element-populated\">\n\t\t\t\t\t\t<div class=\"elementor-element elementor-element-b612c00 elementor-widget elementor-widget-aux_simple_svg\" data-id=\"b612c00\" data-element_type=\"widget\" data-widget_type=\"aux_simple_svg.default\">\n\t\t\t\t<div class=\"elementor-widget-container\">\n\t\t\t    <div class=\"aux-widget-container aux-simple-svg-container\">\n        <div class=\"aux-widget-container-inner\">\n            <div class=\"aux-the-svg\"> <svg xmlns=\"http:\/\/www.w3.org\/2000\/svg\" width=\"75\" height=\"75\" viewBox=\"0 0 75 75\"><defs><style>.a{fill:none;fill-rule:evenodd;}.b{fill:#39455e;}.c{fill:var(--e-global-color-primary);}<\/style><\/defs><path class=\"a\" d=\"M0,0H75V75H0Z\"><\/path><path class=\"b\" d=\"M5,4.3,23,17.8v3.75L5,8.05ZM29,19.873l18-9v3.354l-18,9V19.873Z\" transform=\"translate(10 8.6)\"><\/path><path class=\"b\" d=\"M14.5,18A1.5,1.5,0,0,0,13,19.5v15A1.5,1.5,0,0,0,14.5,36h6A1.5,1.5,0,0,0,22,34.5v-15A1.5,1.5,0,0,0,20.5,18Zm0-3h6A4.5,4.5,0,0,1,25,19.5v15A4.5,4.5,0,0,1,20.5,39h-6A4.5,4.5,0,0,1,10,34.5v-15A4.5,4.5,0,0,1,14.5,15Z\" transform=\"translate(20 30)\"><\/path><path class=\"b\" d=\"M22.5,15A1.5,1.5,0,0,0,21,16.5v24A1.5,1.5,0,0,0,22.5,42h6A1.5,1.5,0,0,0,30,40.5v-24A1.5,1.5,0,0,0,28.5,15Zm0-3h6A4.5,4.5,0,0,1,33,16.5v24A4.5,4.5,0,0,1,28.5,45h-6A4.5,4.5,0,0,1,18,40.5v-24A4.5,4.5,0,0,1,22.5,12Z\" transform=\"translate(36 24)\"><\/path><path class=\"c\" d=\"M56,17a3,3,0,1,0-3-3A3,3,0,0,0,56,17ZM32,20a6,6,0,1,1-6,6A6,6,0,0,1,32,20Zm0,3a3,3,0,1,0,3,3A3,3,0,0,0,32,23ZM56,8a6,6,0,1,1-6,6A6,6,0,0,1,56,8ZM8,2A6,6,0,1,1,2,8,6,6,0,0,1,8,2ZM8,5a3,3,0,1,0,3,3A3,3,0,0,0,8,5Z\" transform=\"translate(4 4)\"><\/path><path class=\"b\" d=\"M6.5,13A1.5,1.5,0,0,0,5,14.5V44.376a1.5,1.5,0,0,0,1.5,1.5h6a1.5,1.5,0,0,0,1.5-1.5V14.5A1.5,1.5,0,0,0,12.5,13Zm0-3h6A4.5,4.5,0,0,1,17,14.5V44.376a4.5,4.5,0,0,1-4.5,4.5h-6a4.5,4.5,0,0,1-4.5-4.5V14.5A4.5,4.5,0,0,1,6.5,10Z\" transform=\"translate(4 20)\"><\/path><\/svg> <\/div>\n        <\/div>\n    <\/div>\n    \t\t<\/div>\n\t\t\t\t<\/div>\n\t\t\t\t<div class=\"elementor-element elementor-element-1617b54 elementor-widget elementor-widget-aux_modern_heading\" data-id=\"1617b54\" data-element_type=\"widget\" data-widget_type=\"aux_modern_heading.default\">\n\t\t\t\t<div class=\"elementor-widget-container\">\n\t\t\t<section class=\"aux-widget-modern-heading\">\n            <div class=\"aux-widget-inner\"><h5 class=\"aux-modern-heading-primary\">Innovative Solutions<\/h5><div class=\"aux-modern-heading-description\"><p>I\u2019m also not going for what I would call an examined \u201cinstructional sentence.\u201d I\u2019d compiled hundreds of great sentences in a file of mine .<\/p><\/div><\/div>\n        <\/section>\t\t<\/div>\n\t\t\t\t<\/div>\n\t\t\t\t\t<\/div>\n\t\t<\/div>\n\t\t\t\t\t<\/div>\n\t\t<\/section>\n\t\t\t\t\t<\/div>\n\t\t<\/div>\n\t\t\t\t\t<\/div>\n\t\t<\/section>\n\t\t\t\t<section class=\"elementor-section elementor-top-section elementor-element elementor-element-678ba64 elementor-section-boxed elementor-section-height-default elementor-section-height-default\" data-id=\"678ba64\" data-element_type=\"section\">\n\t\t\t\t\t\t<div class=\"elementor-container elementor-column-gap-default\">\n\t\t\t\t\t<div class=\"aux-parallax-section elementor-column elementor-col-50 elementor-top-column elementor-element elementor-element-a736c53\" data-id=\"a736c53\" data-element_type=\"column\">\n\t\t\t<div class=\"elementor-widget-wrap elementor-element-populated\">\n\t\t\t\t\t\t<div class=\"elementor-element elementor-element-3185a5c elementor-widget elementor-widget-aux_modern_heading\" data-id=\"3185a5c\" data-element_type=\"widget\" data-widget_type=\"aux_modern_heading.default\">\n\t\t\t\t<div class=\"elementor-widget-container\">\n\t\t\t<section class=\"aux-widget-modern-heading\">\n            <div class=\"aux-widget-inner\"><h5 class=\"aux-modern-heading-primary\">Le b\u00e9n\u00e9volat vous int\u00e9resse ?<\/h5><div class=\"aux-modern-heading-description\"><p><span style=\"font-weight: 400\">Veuillez remplir le formulaire de demande de b\u00e9n\u00e9volat et l\u2019EECOM vous contactera lorsque des opportunit\u00e9s se pr\u00e9senteront.<\/span><\/p><p><span style=\"font-weight: 400\">Merci pour votre int\u00e9r\u00eat !<\/span><\/p><\/div><\/div>\n        <\/section>\t\t<\/div>\n\t\t\t\t<\/div>\n\t\t\t\t<div class=\"elementor-element elementor-element-a91ee6d aux-appear-watch-animation aux-fade-in-left-2 elementor-widget__width-auto elementor-widget elementor-widget-aux_button\" data-id=\"a91ee6d\" data-element_type=\"widget\" data-widget_type=\"aux_button.default\">\n\t\t\t\t<div class=\"elementor-widget-container\">\n\t\t\t<a  href=\"https:\/\/docs.google.com\/forms\/d\/e\/1FAIpQLSdjCCsVSn6wYPZgxsTTp5ilrZkXpGjdfMq5GsEIQ4kXL09CIA\/viewform?usp=sharing\" target=\"_blank\"   class=\"aux-button aux-medium aux-mikado-yellow aux-curve aux-none aux-uppercase\" ><span class=\"aux-overlay\"><\/span><span class=\"aux-text\">Formulaire d\u2019int\u00e9r\u00eat<\/span><\/a>\t\t<\/div>\n\t\t\t\t<\/div>\n\t\t\t\t\t<\/div>\n\t\t<\/div>\n\t\t\t\t<div class=\"aux-parallax-section elementor-column elementor-col-50 elementor-top-column elementor-element elementor-element-06fe593\" data-id=\"06fe593\" data-element_type=\"column\">\n\t\t\t<div class=\"elementor-widget-wrap elementor-element-populated\">\n\t\t\t\t\t\t<div class=\"aux-scroll-anim elementor-element elementor-element-d14f832 elementor-widget elementor-widget-aux_image\" data-move-in=\"moveVertical\" data-move-out=\"moveVertical\" data-axis-x=\"200\" data-axis-y=\"10\" data-rotate=\"90\" data-scale=\"1\" data-vp-top=\"0.5\" data-vp-bot=\"0.5\" data-el-top=\"0.2\" data-scroll-animation-off=\"1024\" data-id=\"d14f832\" data-element_type=\"widget\" data-widget_type=\"aux_image.default\">\n\t\t\t\t<div class=\"elementor-widget-container\">\n\t\t\t<section class=\"widget-container aux-widget-image aux-alignnone aux-parent-au9b0c89d0\">\n    <div class=\"aux-media-hint-frame \">\n        <div class=\"aux-media-image \" >\n        \n            \n\n            \n            <img decoding=\"async\" width=\"800\" height=\"530\" src=\"data:image\/gif;base64,R0lGODlhAQABAIAAAAAAAP\/\/\/yH5BAEAAAAALAAAAAABAAEAAAIBRAA7\" class=\"aux-attachment aux-featured-image aux-attachment-id-916 aux-preload aux-blank\" alt=\"volun-2\" data-ratio=\"1.51\" data-original-w=\"800\" data-src=\"https:\/\/www.eecom.org\/wp-content\/uploads\/2024\/05\/volun-2.jpg\" \/>            \n                <\/div>\n    <\/div>\n\n<\/section><!-- widget-container -->\t\t<\/div>\n\t\t\t\t<\/div>\n\t\t\t\t\t<\/div>\n\t\t<\/div>\n\t\t\t\t\t<\/div>\n\t\t<\/section>\n\t\t\t\t<\/div>\n\t\t","protected":false},"excerpt":{"rendered":"<p>\u00catre b\u00e9n\u00e9vole L\u2019EECOM \u00e9tant une organisation g\u00e9r\u00e9e par des b\u00e9n\u00e9voles, nous sommes toujours \u00e0 la recherche de b\u00e9n\u00e9voles parmi les membres, les personnes qui nous soutiennent et les membres de la communaut\u00e9. Il y a plusieurs fa\u00e7ons de s&#8217;impliquer en fonction de votre disponibilit\u00e9, de votre temps et de vos int\u00e9r\u00eats. Certaines opportunit\u00e9s de b\u00e9n\u00e9volat [&hellip;]<\/p>\n","protected":false},"author":1,"featured_media":0,"parent":0,"menu_order":0,"comment_status":"closed","ping_status":"closed","template":"","meta":{"_monsterinsights_skip_tracking":false,"_monsterinsights_sitenote_active":false,"_monsterinsights_sitenote_note":"","_monsterinsights_sitenote_category":0,"footnotes":""},"_links":{"self":[{"href":"https:\/\/www.eecom.org\/index.php\/wp-json\/wp\/v2\/pages\/1721"}],"collection":[{"href":"https:\/\/www.eecom.org\/index.php\/wp-json\/wp\/v2\/pages"}],"about":[{"href":"https:\/\/www.eecom.org\/index.php\/wp-json\/wp\/v2\/types\/page"}],"author":[{"embeddable":true,"href":"https:\/\/www.eecom.org\/index.php\/wp-json\/wp\/v2\/users\/1"}],"replies":[{"embeddable":true,"href":"https:\/\/www.eecom.org\/index.php\/wp-json\/wp\/v2\/comments?post=1721"}],"version-history":[{"count":5,"href":"https:\/\/www.eecom.org\/index.php\/wp-json\/wp\/v2\/pages\/1721\/revisions"}],"predecessor-version":[{"id":1767,"href":"https:\/\/www.eecom.org\/index.php\/wp-json\/wp\/v2\/pages\/1721\/revisions\/1767"}],"wp:attachment":[{"href":"https:\/\/www.eecom.org\/index.php\/wp-json\/wp\/v2\/media?parent=1721"}],"curies":[{"name":"wp","href":"https:\/\/api.w.org\/{rel}","templated":true}]}}